{"id":796,"date":"2017-10-22T13:37:33","date_gmt":"2017-10-22T11:37:33","guid":{"rendered":"http:\/\/ralfbraun.info\/projekte\/braun1\/?page_id=796"},"modified":"2019-05-18T21:58:17","modified_gmt":"2019-05-18T19:58:17","slug":"impressum","status":"publish","type":"page","link":"https:\/\/ralfbraun.info\/cms\/impressum\/","title":{"rendered":"Impressum"},"content":{"rendered":"<p>Ralf Braun Visuelle Kommunikation, Im Mainfeld 21, 63796 Kahl am Main<br \/>\nTelefon: +49 6188 &#8211; 949 03 30, E-mail: ralfbraungraphik(at)gmx.de<br \/>\nInternet: www.ralfbraun.info<br \/>\nDE ST.-NR.: 204-207-00572, inhaltlich verantwortlich: Ralf Braun<\/p>\n<p><b>1. Haftungsbeschr\u00e4nkung<\/b> Die Inhalte dieser Website werden mit gr\u00f6\u00dftm\u00f6glicher Sorgfalt erstellt aber ohne Gew\u00e4hr f\u00fcr die Richtigkeit, Vollst\u00e4ndigkeit und Aktualit\u00e4t. Die Nutzung der Inhalte der Website erfolgt auf eigene Gefahr des Nutzers.<br \/>\n<b>2. Externe Links<\/b> Verkn\u00fcpfungen zu Websites Dritter (&#8222;externe Links&#8220;). Diese Websites unterliegen der Haftung der jeweiligen Betreiber. Ich habe keinerlei Einfluss auf die aktuelle und zuk\u00fcnftige Gestaltung und auf die Inhalte der verkn\u00fcpften Seiten.<br \/>\n<b>3. Urheber- und Leistungsschutzrechte<\/b> Die auf dieser Website ver\u00f6ffentlichten Inhalte unterliegen dem deutschen Urheber- und Leistungsschutzrecht. Es ist untersagt, Inhalte zu kommerziellen Zwecken weiterzugeben. Die Darstellung dieser Website in fremden Frames bedarf meiner Erlaubnis.<br \/>\n<b>4. Datenschutz<\/b> Durch den Besuch dieser Website k\u00f6nnen Informationen \u00fcber den Zugriff (Datum, Uhrzeit, betrachtete Seite) gespeichert werden. Das dient ausschlie\u00dflich statistischen Zwecken. Ich weise ausdr\u00fccklich darauf hin, dass die Daten\u00fcbertragung im Internet (z.B. bei der Kommunikation per E-Mail) Sicherheitsl\u00fccken aufweist und nicht l\u00fcckenlos vor dem Zugriff durch Dritte gesch\u00fctzt werden kann. Die Verwendung der Kontaktdaten des Impressums zur gewerblichen Werbung ist ausdr\u00fccklich nicht erw\u00fcnscht, es sei denn es besteht bereits eine Gesch\u00e4ftsbeziehung.<br \/>\n<b>5. Besondere Nutzungsbedingungen<\/b> Soweit besondere Bedingungen f\u00fcr einzelne Nutzungen dieser Website von den vorgenannten Nummern 1. bis 4. abweichen, wird an entsprechender Stelle ausdr\u00fccklich darauf hingewiesen. In diesem Falle gelten im jeweiligen Einzelfall die besonderen Nutzungsbedingungen.<\/p>\n<p><a href=\"https:\/\/ralfbraun.info\/cms\/impressum\/disclaimer\/\">Disclaimer\u00a0<\/a>\u00a0\u00a0\u00a0\u00a0\u00a0 <a href=\"https:\/\/ralfbraun.info\/cms\/bildnachweise\/\">Bildnachweise<\/a><\/p>\n","protected":false},"excerpt":{"rendered":"<p>Ralf Braun Visuelle Kommunikation, Im Mainfeld 21, 63796 Kahl am Main Telefon: +49 6188 &#8211; 949 03 30, E-mail: ralfbraungraphik(at)gmx.de Internet: www.ralfbraun.info DE ST.-NR.: 204-207-00572, inhaltlich verantwortlich: Ralf Braun 1. [&hellip;]<\/p>\n","protected":false},"author":1,"featured_media":0,"parent":0,"menu_order":60,"comment_status":"closed","ping_status":"closed","template":"page-fullwidth.php","meta":{"_glsr_average":0,"_glsr_ranking":0,"_glsr_reviews":0,"footnotes":""},"class_list":["post-796","page","type-page","status-publish","hentry"],"aioseo_notices":[],"_links":{"self":[{"href":"https:\/\/ralfbraun.info\/cms\/wp-json\/wp\/v2\/pages\/796","targetHints":{"allow":["GET"]}}],"collection":[{"href":"https:\/\/ralfbraun.info\/cms\/wp-json\/wp\/v2\/pages"}],"about":[{"href":"https:\/\/ralfbraun.info\/cms\/wp-json\/wp\/v2\/types\/page"}],"author":[{"embeddable":true,"href":"https:\/\/ralfbraun.info\/cms\/wp-json\/wp\/v2\/users\/1"}],"replies":[{"embeddable":true,"href":"https:\/\/ralfbraun.info\/cms\/wp-json\/wp\/v2\/comments?post=796"}],"version-history":[{"count":3,"href":"https:\/\/ralfbraun.info\/cms\/wp-json\/wp\/v2\/pages\/796\/revisions"}],"predecessor-version":[{"id":1178,"href":"https:\/\/ralfbraun.info\/cms\/wp-json\/wp\/v2\/pages\/796\/revisions\/1178"}],"wp:attachment":[{"href":"https:\/\/ralfbraun.info\/cms\/wp-json\/wp\/v2\/media?parent=796"}],"curies":[{"name":"wp","href":"https:\/\/api.w.org\/{rel}","templated":true}]}}